
-4
Evaluate -1 - (1 + 3) - -4.
-1
What is -1 + 0 + 1 - (288 - 292)?
4
Calculate -14 + (-11 - -10 - -9).
-6
What is the value of 8 + -19 + 4 + 15?
8
(5 - -3) + (-9 - -5)
4
What is -3 - (0 - (6 + -8))?
-5
What is the value of 0 - -4 - (-8 + (5 - -3))?
4
Calculate 3 + ((3 - 2) + -1 - 2).
1
(-18 - -1) + 5 + 6
-6
What is the value of -3 + (-4 - (3 + 1)) + 5?
-6
What is 5 - -1 - (-3 + (3 - -3))?
3
Evaluate -3 - 1 - (-15 + 9).
2
11 - 9 - (2 + -1)
1
What is the value of (-1 - 1) + (-13 - (-10 - -1))?
-6
What is the value of -3 - (-1 + (-4 - -8) - 10)?
4
3 + (-6 - (-4 - -3)) + -3
-5
Evaluate 5 + (-4 + 0 - 0 - -2).
3
-6 - (-4 - 5 - (-6 + 10))
7
What is the value of -1 + 3 + -2 + 9 + -4?
5
(-20 + 16 - (0 - 0)) + 2
-2
What is -4 + 3 - -3 - 4?
-2
What is the value of -4 + (-2 - -4) + (-9 - -5)?
-6
Evaluate 1 + 8 + 0 + -13.
-4
What is (-5 - -9) + -14 + 4?
-6
Evaluate (-22 - -2) + (5 - -2) - -7.
-6
-2 + 1 + 0 + (11 - 8)
2
What is -2 + (-7 - ((4 - 7) + 3))?
-9
-13 + 5 + 0 + 14
6
What is (1 + -2 - (26 + -25)) + 2?
0
-4 + -2 + (6 - (0 + 1))
-1
What is the value of -6 - (4 + -1 + -16)?
7
Calculate 2 - (0 - (-1 + -4 - -3)).
0
What is the value of 2 + 5 + (-2 - -2) + -2?
5
Calculate -4 + 0 + (4 - 0) + 5.
5
Calculate 2 - (7 + -10 + -1).
6
What is the value of (11 - 22) + 7 + 10?
6
(-2 - -2) + 7 + 3 + -6
4
-11 - 5 - -12 - (2 + -2)
-4
Calculate 9 + 21 + -10 + -21.
-1
What is 13 + -4 - 1 - 10?
-2
(-6 - -3) + 0 + 6
3
What is (-2 - -5) + -2 - (-5 + 1)?
5
Evaluate -5 + 10 - (-1 - -1).
5
What is the value of 2 + 0 + 6 + -5 + -2?
1
What is the value of 5 - ((0 - -4) + 1 - 5)?
5
What is the value of -22 - -16 - (-2 + (-7 - 1))?
4
What is the value of 0 + (4 - 0 - (29 - 21))?
-4
What is -6 + 3 - (3 - 3 - 6)?
3
What is the value of -1 + 0 - (3 - (3 - 0))?
-1
Evaluate -7 + ((1 - 4) + 15 - 2).
3
-3 + 6 + (-1 - -1)
3
What is 0 + 9 + (-130 - -119)?
-2
-6 + 1 - (9 + -16 + 4)
-2
What is the value of 5 + -3 + 0 + (5 - 5)?
2
Calculate 0 - (5 + -7 + (-2 - -5)).
-1
-1 - (0 - (3 - 4))
-2
What is 3 - (-9 - (-3 + 0))?
9
What is the value of 6 - 2 - (14 - 12)?
2
Calculate (28 - 31) + 1 + -3.
-5
What is (11 - (-1 + 4)) + -13?
-5
-11 + (10 - 11) + 3
-9
Calculate 7 + (-3 - 7) + -1.
-4
What is 2 + 10 + -8 - 12?
-8
What is 3 + -2 + 0 + 1?
2
What is the value of 1 - (-7 + 7 + 0)?
1
What is (10 - (-2 - 0 - -7)) + -11?
-6
Evaluate 1 + 1 + 0 - (2 - 1).
1
What is the value of (0 + -8 - -2) + 2?
-4
What is (-44 - -54) + (-11 - -1)?
0
Calculate 10 - (0 + 8 + (-9 - -5)).
6
What is the value of 0 + -1 + 1 + (2 - 3)?
-1
Calculate 1 + 2 + -1 - (6 - 4).
0
What is 4 - (6 + -4) - -3?
5
11 + -15 - (-4 - -1)
-1
Calculate 2 - (2 + 5 + -7).
2
-4 - (-7 - -4 - 4 - -4)
-1
What is (-1 - -3 - 0) + -4 + 4?
2
Calculate -15 - (11 + -36) - (3 - 0).
7
Calculate -4 - (-10 - (6 - 11)).
1
Calculate 3 - (-4 - (-2 - (10 + -2))).
-3
What is -14 + 13 - (2 + 4)?
-7
What is the value of (-2 - -6) + 3 + -5 - 6?
-4
What is the value of -2 + 2 + 0 + -1?
-1
Calculate 8 + -2 - (-35 + 39).
2
What is 3 + (5 - (1 + -5 - -14))?
-2
What is the value of 9 - (-2 + 0 + 10)?
1
What is the value of (-3 - -6) + -4 - 2?
-3
3 - ((-7 - 0) + (5 - 0))
5
Calculate ((2 - 4) + 3 - 2) + 6.
5
-4 + 5 - (-3 + 9)
-5
What is 1 + -2 + -6 - -9?
2
What is the value of 1 + -3 + (1 - -4)?
3
What is the value of -1 + 4 + 0 + (-60 - -53)?
-4
8 + -17 - -5 - (2 + -7)
1
Calculate 13 + -15 - (1 + 6 + -2).
-7
What is the value of (0 - ((2 - -1) + -6)) + 2?
5
What is the value of 6 + (-1 + 2 - -2)?
9
Evaluate 3 + -4 + -3 - 5 - -4.
-5
What is the value of 3 - (7 - 2 - (2 + 1))?
1
Calculate -1 - (-5 + 9 - (1 + 4)).
0
What is the value of -1 + 0 + (5 - 6)?
-2
What is 2 - (3 - (0 + -2 + 2))?
-1
1 - (2 + -1) - (-25 - -20)
5
Evaluate 6 - (-6 + 6 + 10) - -6.
2
What is (16 - 17) + (1 - -1)?
1
Calculate -3 + (3 - (-1 + -2)).
3
1 - (-1 + (-4 - -3))
3
Calculate -1 - (1 + -15 + 7 + 3).
3
What is the value of (-6 - -9) + -4 + (-2 - -8)?
5
What is -3 - (-3 + 15 - 9)?
-6
What is the value of 2 + 0 + -1 + 34 + -38?
-3
Calculate -5 - -9 - (2 - -4).
-2
Calculate 11 + -9 + (1 - 0 - 5).
-2
What is 1 + (-1 - (-4 + 0))?
4
Calculate -6 + -2 + (2 - 0) - -2.
-4
Calculate 11 - (3 - -1) - 3.
4
Evaluate -1 + (1 - 1 - (2 - 2)).
-1
1 + (1 - 1) - (-47 + 51)
-3
(19 - 6 - (1 - -6)) + -14
-8
Evaluate 1 + 1 + 6 + -3.
5
(-1 - (-2 - 2)) + (-4 - -3)
2
Evaluate -7 + 5 + 5 - 2.
1
What is the value of -18 - -14 - (-3 + 6)?
-7
What is the value of 20 + -28 + -2 + 16?
6
What is the value of (1 - -4) + (-137 - -134)?
2
Evaluate -40 + 37 + (-2 - -8).
3
-1 + (-1 + 1 - 4)
-5
What is -5 + (-4 - -8) + -4 + 3?
-2
What is the value of 9 + -4 + (0 - 2)?
3
Calculate 4 + (-16 - -3 - -4).
-5
Calculate -1 - 3 - (-98 + 96).
-2
What is the value of -3 + 1 - (3 - 9)?
4
What is 6 + 3 + (3 - 7) - 4?
1
(1 + -7 - -1) + 3
-2
Evaluate (5 - 0) + (6 + -3 - 6).
2
What is the value of -5 - -9 - 7 - 0?
-3
Evaluate -2 + (-2 + -3 - (-9 - 1)).
3
(1 - -3) + 171 + -181
-6
Calculate -4 + -2 - -4 - -7 - 1.
4
What is (5 - 1) + -4 + 0 + 0?
0
Calculate 2 + (-7 - -1) - -6.
2
What is (-4 - -1 - 4) + 5?
-2
What is the value of -2 - ((-7 - -4) + 1 + -1)?
1
-3 + -2 + 8 + -1
2
3 + -4 + -1 - -1
-1
What is 1 + 5 + 6 + -17?
-5
-14 - (-1 + -8) - -12
7
What is 16 - -1 - (-1 - (-28 + 19))?
9
Calculate -7 - -18 - (1 - -9).
1
Calculate -3 + 1 + -2 + 0 + 6.
2
Calculate -1 + -4 + 3 + 0 + 0.
-2
Evaluate 0 + (-5 - 2) + 2.
-5
What is 6 - ((-8 - -4) + (1 - -3))?
6
Calculate 2 + -1 + (-8 - -7).
0
1 + 3 - (-8 - -13)
-1
4 - (4 + (6 - 17))
11
6 + -5 + 2 - (-1 + 0)
4
What is the value of 2 + -3 - 0 - (-8 + 2)?
5
2 + (-2 + 0 - -5 - 1)
4
Evaluate (1 - (-3 - (-2 - 8))) + 3.
-3
Evaluate -3 + 6 + (6 - 18 - -7).
-2
Evaluate 6 + -6 - (2 + -2).
0
1 - (-5 - (-2 - -1) - -2)
3
Calculate 10 + (-4 - 3) + -4.
-1
What is 1 + 3 - (9 + -7)?
2
Evaluate 4 + -1 + -4 + -3 + 1.
-3
What is the value of (7 - 4 - -4) + -4?
3
(13 + -2 - 17) + -1 + -1
-8
7 + -4 + (-3 - -6) + -1
5
What is the value of -3 + 4 + (-2 - -1)?
0
What is 0 + (6 - -4) + -13?
-3
What is the value of (-4 - -4 - 7) + (3 - -2)?
-2
What is the value of -4 - (-12 - (1 + -5 + 0))?
4
-5 - -7 - (-2 - -3)
1
What is (4 + -2 - 6) + 8?
4
What is the value of 3 + (-4 - 0) - (1 + -5)?
3
Calculate -3 - ((-8 - 1) + 2).
4
(8 + -1 - 0) + 242 + -243
6
What is 0 - 3 - (0 + -8) - 9?
-4
1 - 6 - (6 - 5 - 4)
-2
What is the value of 0 - (-2 - -2) - (-10 - -7)?
3
What is the value of 3 - -1 - (37 - 20 - 12)?
-1
What is 8 + -9 - (-1 - 4)?
4
Calculate 6 + -15 + 8 + -1.
-2
-16 + 16 + 1 + (-3 - -1)
-1
What is the value of 2 + -1 - (4 + -8 - -2)?
3
-10 + (-11 + 14 - -6)
-1
12 - (-6 - (0 + -11)) - 14
-7
What is (-16 - -7) + 4 + (8 - 3)?
0
What is 11 - (-10 + 15) - (1 + -3)?
8
(8 - 7) + (2 - 6)
-3
Calculate 3 - (14 - (-8 - -21)).
2
What is the value of 1 + 1 + (2 - (-2 - -10))?
-4
What is the value of -4 + 3 + 3 - 0?
2
What is (2 - 8 - -7) + 1 + -3?
-1
(10 - 3) + -9 + 3
1
What is the value of (6 - 1) + -5 + 2?
2
What is 0 + -6 + 11 + (-8 - 3)?
-6
What is the value of 4 + -2 + (-9 - -7) + 5?
5
What is (-3 - -2 - -2 - 5) + 2?
-2
What is the value of 140 + -142 + 5 + -1 + 2?
4
What is 0 - 3 - (1 - 1 - -2)?
-5
Evaluate (12 - 7) + -10 + 1.
-4
Calculate 6 - (8 + -7 + 2).
3
Calculate -4 + (5 - 1) + 2 + -1.
1
Calculate (-1 - -2) + 7 - 0.
8
Calculate -2 + 6 + -6 + 5.
3
Evaluate (-2 + 3 - -1) + 1.
3
Calculate 2 - (0 + 2 + -4).
4
What is the value of 8 + -3 + (-12 + 5 - 4)?
-6
Evaluate (0 - 16) + 26 + -18.
-8
16 - 19 - (-1 - 1)
-1
Evaluate -6 + (2 - (-4 - 1)).
1
(6 - -1) + (27 - 30)
4
(-6 - -1) + (14 - 6) + -3
0
What is the value of -23 + 12 + -1 + 5?
-7
What is 8 + -1 + 4 + -5 - 13?
-7
Evaluate (0 - 4 - (-5 + 2)) + -1.
-2
Calculate 25 + -30 - (-14 - (-1 + 2)).
10
What is the value of 7 - (0 - (-4 + 2)) - 3?
2
What is -3 + (-9 + 2 - -13)?
3
What is (3 - -2) + 1 + 4 + -4?
6
Evaluate (5 + 1 - 2) + 1.
5
Evaluate -7 + 1 + 6 + -7.
-7
-4 + 6 + (1 - 4)
-1
What is (-4 - (2 - 3)) + 1?
-2
What is 4 + -2 + -5 - (-34 + 34)?
-3
Calculate -14 + 17 + (2 - 16).
-11
Calculate 3 + 1 + -1 + 0 + 2.
5
What is 0 + 5 - -9 - 10?
4
What is the value of (0 - -3) + 3 + -2?
4
Evaluate -4 + 6 - (-1 - 1).
4
Calculate 4 + (0 - (-3 - -4)) + -3.
0
What is 1 + (1 - 4) + (-4 - -1)?
-5
Evaluate -1 - 1 - (0 - (-2 + 1)).
-3
Calculate 0 + 0 + (3 - -1).
4
Calculate 2 - (2 - (5 - (10 - 8))).
3
What is the 